- 185 - 109 = 0. Is o a multiple of 21?
True
Let u = -171 - -411. Is 15 a factor of u?
True
Let p = -63 + 105. Does 7 divide p?
True
Let l = 34 + -12. Suppose 0 = t + j - 6*j - l, -3*t + 2*j = -14. Let w(z) = -z**3 + 5*z**2 - z - 1. Is w(t) a multiple of 5?
False
Let i = -7 + 3. Let p = 7 + i. Let g = 0 + p. Is 3 a factor of g?
True
Suppose -5*g - 6 + 26 = 0. Let y = -7 + 11. Suppose -f = 2 - g, -y*f = -z + 14. Is z a multiple of 6?
False
Suppose 3*w + 2*w - 680 = 0. Is 17 a factor of w?
True
Suppose -p = -0*p + 3. Let c be 13 - (-6)/p - -2. Suppose -2*x = -3*f + 26, 2*x = f - 1 - c. Is f a multiple of 5?
False
Suppose 3*p + 8 - 71 = 0. Is 3 a factor of p?
True
Let x(c) = c - 2. Let o be x(5). Suppose 0 = o*j + 9 - 84. Is 15 a factor of j?
False
Let i(a) = -81*a - 1 + 11*a - 37*a. Let g be i(-1). Suppose 4*z - g = -10. Is 12 a factor of z?
True
Suppose 5*s - 3*s + 54 = 0. Let y be ((-4)/6)/(1/s). Suppose y = 4*j - j. Does 3 divide j?
True
Suppose -18 = -u - 0. Let s = 25 - u. Is 2 a factor of s?
False
Suppose 0 = 5*i - 3*y + 6*y - 15, -4*y - 15 = -5*i. Is 3 a factor of i?
True
Suppose a - 151 = 5*n - 29, 2*a - 2*n - 228 = 0. Let z = 182 - a. Suppose w - z = -4*w. Is w a multiple of 9?
False
Let n be (-12)/(-9)*(-9)/(-6). Suppose -n*b + 4 = 0, b - 5*b = o + 200. Is 22 a factor of ((-6)/(-4))/((-4)/o)?
False
Suppose r - 148 = -3*r. Does 11 divide r - (0 + -3)/3?
False
Suppose 5*x = 2*l - 2 - 9, 3*x = 4*l - 15. Suppose 3*r - 3*d - 57 = 0, 0*r = -3*r - l*d + 87. Is 24 a factor of r?
True
Suppose -5*w + 3*y + 10 = y, 20 = w - 4*y. Suppose w = -o + 3*o - 38. Is 8 a factor of o?
False
Suppose 4*z + 0*z + 32 = 0. Let m be 4/z + 94/4. Let h = m - -3. Is h a multiple of 13?
True
Suppose -2*p - 2*t = -68, 3*p + p - 5*t - 118 = 0. Suppose -4*c - p = -4*a, 5*a + 4*c + 8 - 66 = 0. Is 10 a factor of a?
True
Let g(q) = -9*q**2 + 2*q - 8. Let x(j) = -j**2 + j - 1. Let b(u) = -g(u) + 6*x(u). Is 15 a factor of b(-4)?
False
Let a be (-6)/(-12) - 2/4. Suppose a = 3*d + 5*p - 6 - 11, -4*d = -3*p - 13. Let k = 8 - d. Is k a multiple of 4?
True
Suppose 52 = 3*d + 10. Let o be (272/(-10))/(3/15). Does 10 divide 2/7 - o/d?
True
Let r = 31 + 10. Is 21 a factor of r?
False
Suppose -129 = -2*t + t. Suppose 3*f = -5*z - 0*f + t, -5*z - 2*f + 131 = 0. Is z a multiple of 9?
True
Suppose s + 3*i - 2 = 5, 2*s - 13 = -5*i. Suppose -s*o + 9*o - 15 = 0. Suppose 0 = o*d + 3*k - 38 + 14, 3*k = -5*d + 42. Is 9 a factor of d?
True
Let v = 1 - 0. Let r = v - -6. Is r a multiple of 3?
False
Let v = 161 - 95. Is 6 a factor of v?
True
Let n(l) = -l - 6. Let b be n(-6). Suppose r - 4*r = b. Is 3 a factor of (-3)/(-3 + r) - -9?
False
Let j = 8 - 5. Suppose -j*t - 112 - 296 = 0. Is 4/10 + t/(-10) a multiple of 14?
True
Let u(k) = -k + 10. Let n be u(7). Let v(c) = -c**3 + 3*c**2 + 2*c - 2. Let s be v(n). Suppose w + 0*w - s = 0. Is 2 a factor of w?
True
Suppose -2*c = -5 + 11. Let p = 9 - c. Let q = 22 + p. Is q a multiple of 17?
True
Let t(i) = 3*i**2 + 3*i - 4. Let v be 3/(-6)*6*1. Is t(v) a multiple of 9?
False
Let w(s) = -2*s**3 - 6*s**2 - 2*s. Suppose -3*u - 8 = -u. Is w(u) a multiple of 10?
True
Suppose 0 = -2*m - 4*s - 2, 2*m + 5*s + 4 = -0. Let z be 8/m - 2/(-6). Let r(y) = -y**3 + 5*y**2 + y - 4. Does 7 divide r(z)?
False
Let j(r) = r**2 - 7*r + 9. Suppose 3*v - 26 = 4*b, -v = b + 2*b. Let h be j(v). Suppose u = -4, h = -z - 4*u - 6. Is 7 a factor of z?
True
Let s = 23 - 12. Does 4 divide s?
False
Let i be ((0 + 2)/2)/1. Is 5 - (i + 3 - 3) a multiple of 3?
False
Suppose 16*d - 22*d = -1980. Does 22 divide d?
True
Let w be ((-40)/(-6))/(2/3). Let m(v) = 5*v - 14. Is m(w) a multiple of 6?
True
Suppose -4*o - 3 = 3*s - 7, 5*s - 30 = 5*o. Is 567/12 + (-1)/s a multiple of 17?
False
Suppose -11 = -3*v + 4*n + 10, -21 = -3*v + n. Suppose w - v = 3*o - 2*o, o - 13 = -w. Is 5 a factor of w?
True
Suppose 3*b - 12 = 0, x + 4*b + 0*b - 8 = 0. Let q(j) = -j + 5. Let i be q(x). Suppose -45 + i = -4*w - 2*v, 5*v = 2*w - 40. Is w a multiple of 6?
False
Is 10 a factor of ((-5)/(-3))/((-1)/(-42 - 0))?
True
Let z be (5 - 2)/((-1)/(-12)). Suppose 2*q + q - z = 0. Is (-6)/(3 - 1) + q a multiple of 9?
True
Let d = -7 + 11. Suppose -d*b = -b - 30. Does 10 divide b?
True
Suppose 0 = 3*t + 9, 71 = 5*b + 2*t + 17. Does 12 divide b?
True
Let u(j) = j + 8. Let f be u(-4). Suppose f*y + 1 + 35 = 0. Does 24 divide 27 + (y - 0)/(-3)?
False
Let g = -5 - -7. Suppose -k = -g*j - 16, 3*j - 5*j = 10. Is 3 a factor of k?
True
Let v = 5 + -3. Let u = 4 - -3. Is 6*1*u/v a multiple of 21?
True
Let z be ((-24)/(-14))/(2/14). Does 6 divide 0 - (-1 - z) - 1?
True
Let q(i) = -36*i + 13. Does 12 divide q(-5)?
False
Suppose -18*v + 4*s = -14*v - 944, 0 = -v + 2*s + 232. Does 8 divide v?
True
Let t = 6 + -3. Let j(o) = 2 - 2 + t - o. Is j(-3) a multiple of 6?
True
Let k = 17 - 13. Is k a multiple of 3?
False
Suppose 4*q = v + 11, 3*q + 5*v = -2*q + 45. Suppose -38 = -3*p + 2*t, -2*p - 2*t = -p - 10. Let x = p - q. Is x a multiple of 4?
True
Suppose 2*z - 3*s - 80 - 94 = 0, 346 = 4*z - 5*s. Suppose -2*i + 4*i = z. Let l = -24 + i. Is 9 a factor of l?
True
Let s(n) = 2*n**2 + 16*n - 2. Suppose -g + 3*g - 4*t + 26 = 0, 0 = -3*g - 5*t - 28. Does 32 divide s(g)?
True
Is 46 - (-2 - 8/(-4)) a multiple of 12?
False
Let q(a) = a**2 + 2*a + 1. Let y be q(-3). Suppose 48 + 16 = y*p. Is 8 a factor of p?
True
Suppose 0 = -4*r + 4, -4*r - 4 - 4 = -3*c. Is c a multiple of 3?
False
Suppose 3*r = 4*h - 222, 5*h = 2*h + 4*r + 170. Is 9 a factor of h?
True
Let q(c) be the first derivative of 3*c**2 - 4*c - 4. Is 13 a factor of q(5)?
True
Suppose -10*b - 4 = -654. Is 40 a factor of b?
False
Let q = -18 - -28. Is q a multiple of 5?
True
Let p(v) = -7*v**3 - 8*v**2 + v - 3. Let z(s) = -3*s**3 - 4*s**2 + s - 1. Let t(d) = 2*p(d) - 5*z(d). Let k be t(-4). Let m = k - -1. Does 6 divide m?
True
Let j = -57 + 118. Is j a multiple of 8?
False
Suppose -2*x + 6 = -2*n, x - 2 = -0*x + 2*n. Suppose -4*f = -0*f - 12. Suppose f*g - 78 = -2*g + 4*s, 46 = x*g + 5*s. Does 5 divide g?
False
Let q = -6 - -12. Suppose 0 = q*v - 3*v - 189. Is 14 a factor of v?
False
Let y be (2 - 3) + (-3 - 87). Let c = -64 - y. Does 10 divide c?
False
Let g be (5/(-10))/((-2)/(-8)). Let i = 1 - g. Suppose i*k - p = 81, 0 = k - 3*p - 0*p - 35. Is 13 a factor of k?
True
Let l(n) = 4*n. Let g = -6 + 17. Is 22 a factor of l(g)?
True
Let p(l) = -l - 1. Let h be (-3 - -3) + (-2)/1. Let c(q) = q**2 - 4*q. Let u(t) = h*p(t) - c(t). Is 2 a factor of u(6)?
True
Let g(y) = 13*y**3. Let b(z) = -6*z**2 - z - 2. Let r be b(2). Let l be 4/14 - 20/r. Is g(l) a multiple of 5?
False
Suppose -4*i + 3*i = 3*z - 38, z - 5*i - 2 = 0. Is z a multiple of 6?
True
Let v(t) = -5*t + 13. Is v(-6) a multiple of 25?
False
Let g = 2 + 1. Let z be 2 + -2 + 0 + g. Suppose -z*b + 55 - 4 = 0. Is b a multiple of 9?
False
Let j be 16/(-88) + (-2)/(-11). Let k be (12/10)/((-2)/(-5)). Suppose -b + 7 = -j*b - u, u - 37 = -k*b. Does 6 divide b?
False
Let q(s) = -s**3 - 5*s**2 + 2*s - 4. Let a be q(-5). Let o = 9 - a. Is o a multiple of 8?
False
Suppose 5*c + 10 + 81 = -4*m, 3*c + 85 = -4*m. Let j = m - -36. Is 17 a factor of j?
True
Let c(j) = 2*j**2 + j - 1. Suppose 0*u = 4*u. Suppose -3*s - 4*k + 3 = u, -2*k = 4*s - k - 4. Does 2 divide c(s)?
True
Suppose -3*p = -0*p - 33. Let u = p - 6. Suppose u*v - 292 = -77. Is v a multiple of 15?
False
Let g be (-6)/9 + 364/6. Suppose 0 = -5*i - 4*s + 50, 0*i = -5*i - 2*s + g. Is i a multiple of 6?
False
Let k(v) = 5*v - 5. Let w(t) = -t + 1. Let z(d) = -k(d) - 6*w(d). Does 7 divide z(15)?
True
Let z = -100 + 160. Let p = z - 35. Does 7 divide p?
False
Is 67/(-3 + -1 - -5) a multiple of 26?
False
Let d = -1 + 20. Let s be 2/(13/(-11) - -1). Let x = s + d. Is x a multiple of 5?
False
Let j = 20 - 9. Let g = 17 - j. Suppose n + g = 2*n - 4*a, -2*n + 37 = -3*a. Is 11 a factor of n?
False
Suppose 0 = 2*r + 2*q - 14, 0 = -8*r + 3*r - 2*q + 29. Suppose c + 4*c - r*s - 265 = 0, 3*s = -c + 65. Suppose -c = -4*g + 68. Is g a multiple of 14?
False
Suppose 4*m = 5*m - 27. Let z = m + 28. Is z a multiple of 22?
False
Let r(x) = x**2 + 8*x + 4. Let q be r(-5). Let h(z) = -z**2 - 13*z - 15. Let g be h(q). Suppose -5*u = 5*b + g - 37, 6 = 2*u - b. Is u a multiple of 2?
True
Let c(z) = z**3 + 8